) = 3*l**2 + 25*l - 225. Let v be b(-14). Calculate the highest common factor of 104 and v.
13
Let p be (-1308)/((-99)/18 - -7)*(-7)/4. Calculate the highest common factor of 42 and p.
14
Let s be 0 + (-1)/(-5) - (-6656)/(-130). Suppose x = p + 74, 5*x - 2*p - 379 = -0*p. Let f = x + s. What is the greatest common divisor of f and 39?
13
Let u be (-2 + 2 + 3/3)*5. Let i(k) = k**2 - 11*k + 37. Let m be i(u). Calculate the highest common divisor of 133 and m.
7
Let r be (-331)/(2 + 15/(-6)). Let i = 464 - r. Let u = -103 - i. What is the greatest common factor of 19 and u?
19
Let c(x) = -10*x + 17. Let v(t) = 9*t - 18. Let n(p) = 5*c(p) + 6*v(p). Let s be n(7). Calculate the highest common factor of s and 1.
1
Suppose 197*t = 192*t + 690. What is the highest common factor of t and 5658?
138
Suppose -504 = 3*s - 5*s - 3*m, -756 = -3*s + m. Let p = 510 - s. Calculate the highest common divisor of p and 12.
6
Let o = 57 + -61. Let x be (54/4)/3 - o/8. Suppose 0 = x*w - 2*w - d - 102, 3*w + 2*d - 111 = 0. Calculate the greatest common divisor of 280 and w.
35
Let y be -1541*(9 + -7 - 3) + 7. What is the greatest common divisor of y and 6?
6
Let h = -1542 - -1557. Let w = -27 - -36. Calculate the highest common divisor of h and w.
3
Let q(y) = 5*y - 8*y + 2*y + 5 + 2*y. Let a be q(-5). Suppose 0 = i - a*i - 2*u - 16, 4*u + 56 = 5*i. What is the greatest common divisor of i and 48?
8
Suppose 0 = 4*t - 5*t + 5*x + 7, 5*x = 4*t - 43. Suppose -4*p + t*p = 384. What is the greatest common divisor of p and 72?
24
Let w be (-2 + (-4 - 55))/(-4*17/68). Calculate the greatest common factor of 26596 and w.
61
Let n(t) be the first derivative of -13*t**2/2 - 1. Let d be n(-2). Let h be (-8)/(80/5)*((8 - 133) + -5). Calculate the greatest common divisor of h and d.
13
Suppose -155 = 3*q + 5*j - 1058, -q + 303 = j. Let l(y) = 18 + 8*y + 0*y - 10*y. Let m be l(-8). Calculate the highest common factor of q and m.
34
Let s be ((-16)/(-4))/((50/10)/1280). Calculate the greatest common factor of 112 and s.
16
Suppose 0 = 3*q + 34 - 157. Suppose 285 + 1251 = 48*z. Suppose -5*v = 4*k - 107 - q, 2*k = -v + z. Calculate the greatest common factor of 56 and v.
28
Let d be ((-40)/(-250)*185)/((-6)/(-30)). What is the highest common divisor of 3034 and d?
74
Suppose -6009 = 28*g - 6429. Let h = 767 - 512. Calculate the highest common divisor of h and g.
15
Let f(t) = 19*t - 11. Let l be f(7). Suppose -25 = 2*q - 3*n + l, -2*q - 146 = -2*n. Let y = q - -107. Calculate the highest common factor of y and 21.
7
Let v = 3611 - 1258. Calculate the highest common factor of 26 and v.
13
Let s = -170 - -174. Let g(i) = 2*i + 20. Let z be g(s). What is the highest common divisor of 126 and z?
14
Let t be (1/((-3)/(-20)))/(52/30069). Calculate the highest common divisor of 120 and t.
15
Let w be (38/(-4) - -12)*16/10. Calculate the greatest common divisor of w and 22.
2
Let h = 222 + -71. Let w = h - 81. What is the greatest common divisor of w and 50?
10
Let p = -3488 - -3788. What is the greatest common divisor of 5550 and p?
150
Let o be ((-92)/(-6))/(8/(-12)). Let d = o - -62. Calculate the greatest common divisor of 26 and d.
13
Let n = 1139 + -1131. What is the greatest common divisor of 628 and n?
4
Let y(v) = -7*v**3 - 2*v**2 + 3*v - 8. Suppose 2*m = -m + 3, -t - m - 73 = 0. Let r = -78 - t. Let f be y(r). What is the highest common divisor of f and 36?
36
Let f = -698 + 703. Suppose f*v - 21*v = -3840. What is the highest common divisor of 30 and v?
30
Let c be 63/13 - 1/((-13)/2). Suppose c*y + 44 = u, 57 = 3*u - 5*y - 25. Let r be 150/8 - 1/(-4). Calculate the highest common divisor of r and u.
19
Let y(v) = -v**2 - 21*v + 1604. Let w be y(0). Calculate the greatest common factor of w and 12.
4
Let x(w) = -10254*w + 5130*w + w**2 - 37 + 5128*w. Suppose 5*s + 28 - 73 = 0. Let n be x(s). Calculate the greatest common divisor of n and 120.
40
Let u = 3308 - 3232. Suppose 0 = 2*l, -b + 10 = -4*l - l. Let p(d) = -d**2 + 11*d + 9. Let f be p(b). Calculate the highest common factor of u and f.
19
Suppose -2*o - 5*p = -16630, -17*o - 5*p + 8*p + 141082 = 0. Calculate the highest common divisor of 100 and o.
100
Let k = -160 - -166. Let o be (-1 - -4) + 83*k/2. Calculate the greatest common divisor of o and 36.
36
Let k be ((-80)/(-10))/(2/8). Suppose k = 2*o - 18. Calculate the highest common factor of o and 325.
25
Let y(w) = w**2 - 10*w + 48. Let g be y(6). Suppose -g*h + 10*h = -1610. Calculate the greatest common divisor of h and 23.
23
Let d(l) = -l**2 - 28*l - 176. Let p be d(-18). Suppose -13*u + 10*u = -m - 357, -p*m = 4*u - 460. Calculate the highest common divisor of u and 59.
59
Suppose -4*o - 3*y = -4*y - 502, 3*o + 4*y = 367. Suppose 101 + 299 = 16*u. What is the greatest common divisor of u and o?
25
Let h(j) = -2*j**2 - 27*j - 42. Let u be h(-12). Let g be (-175)/(-18)*26 + u/(-27). Calculate the highest common factor of 46 and g.
23
Suppose -276 - 24 = 4*o. Let g = 169 + o. Let i = g - -68. Calculate the greatest common divisor of i and 18.
18
Suppose -74*r = 69*r - 47*r - 4800. What is the highest common factor of r and 2225?
25
Let b(d) be the second derivative of d**4/4 - d**3/2 - d**2/2 - 53*d. Let r be b(3). What is the greatest common factor of r and 51?
17
Suppose 41*o + 7 = 40*o, 5*v = -5*o + 3115. What is the highest common divisor of 1530 and v?
90
Let l be -8 + -4 + 9 + 5462/2. Suppose -19*a + 692 = -l. Calculate the greatest common divisor of 48 and a.
12
Suppose 54*o - 58*o - 9863 = -3*f, f - 3*o = 3276. What is the greatest common factor of 1256 and f?
157
Let w(h) = -16*h + 37. Let p be w(-5). Let q = 363 - 51. Calculate the highest common divisor of q and p.
39
Let g be -5 + (-24)/16*(1 - 3). Let a be (37/7)/(g/(-14)). Let t = -34 - -71. Calculate the highest common divisor of a and t.
37
Let b = 9083 - 9082. What is the highest common divisor of b and 1907?
1
Suppose -12*y + 6 = -10*y. Let x be (568/20)/(y + 48/(-15)). Let g = -79 - x. Calculate the greatest common factor of g and 7.
7
Let m be 54/7 + 14/49. Suppose m*d = 13*d - 30. Suppose d*s - s = 105. Calculate the highest common factor of s and 3.
3
Let x be 2/(-15) - 2110/(-75). Suppose 0 = 23*r - x*r + 240. Let f(m) = 8*m**2 - 13*m - 22. Let c be f(-2). Calculate the highest common divisor of r and c.
12
Suppose -s = -2*v + 171, -346 = -13*v + 9*v - 2*s. What is the highest common factor of v and 15394?
86
Let l be -2 - -15 - (-3 + 2). Suppose 26*u - 288 = 8*u. Suppose -2*z = 5*a - 19, -5*z + u = -2*a - 17. What is the greatest common divisor of z and l?
7
Let i = -3913 - -4045. What is the highest common divisor of 121 and i?
11
Let v be 7/((-21)/(-414)) + -3. Suppose -25*s = 1261 - 2372 - 1889. Calculate the greatest common divisor of v and s.
15
Suppose 0 = 4*a - 4, -3*v + 4*a = -0*a + 7. Let i be v + (-6*28)/(-8). Suppose 2*u = -2*u + 80. Calculate the highest common divisor of i and u.
20
Suppose 0 = 7057*l - 7121*l + 5824. Let p be -1 + 1 + -1 - -66. What is the highest common factor of p and l?
13
Suppose -170926 = -3*t + 5*v + 56059, 0 = 2*t + 4*v - 151272. What is the greatest common divisor of t and 50?
50
Let i = -134 + 138. Suppose -25 = -y - 4*n, -6*n = i*y - 3*n - 100. What is the greatest common divisor of y and 25?
25
Let j(m) = 33*m - 967. Let i be j(31). What is the highest common factor of i and 1106?
14
Suppose 33*s - 322 - 470 = 0. What is the highest common factor of 60 and s?
12
Let f(h) = 12*h + 1799. Let i be f(-3). Calculate the highest common factor of i and 82.
41
Suppose -8*l = -82 - 262. Let v = 50 - l. Let c(q) = 8*q**2 + q. Let m be c(-1). What is the highest common divisor of m and v?
7
Let g(p) = 88*p - 3696. Let a be g(44). What is the greatest common divisor of 594 and a?
22
Suppose 6*q - 190 = q. Let o(y) = 3*y**3 - 79*y**2 + 35*y + 32. Let r be o(26). Calculate the highest common divisor of q and r.
38
Let g = -4055 - -4487. What is the highest common divisor of 132 and g?
12
Let w = -4245 - -4460. Calculate the highest common factor of 10 and w.
5
Let p = 68 + -67. Let i(g) be the second derivative of g**4/2 - g**3/6 + g**2 + g. Let c be i(p). Calculate the greatest common factor of c and 21.
7
Let o(z) = 3*z + 35 - 16*z + 14*z. Let g be o(5). Suppos